, 53
List the prime factors of 21832.
2, 2729
What are the prime factors of 1402?
2, 701
List the prime factors of 406.
2, 7, 29
List the prime factors of 6134.
2, 3067
What are the prime factors of 10385?
5, 31, 67
List the prime factors of 1837.
11, 167
List the prime factors of 6156.
2, 3, 19
What are the prime factors of 1019?
1019
What are the prime factors of 8088?
2, 3, 337
List the prime factors of 356.
2, 89
What are the prime factors of 2673?
3, 11
List the prime factors of 46188.
2, 3, 1283
What are the prime factors of 58402?
2, 29201
List the prime factors of 1127.
7, 23
List the prime factors of 4020.
2, 3, 5, 67
List the prime factors of 1398.
2, 3, 233
List the prime factors of 1114.
2, 557
List the prime factors of 6321.
3, 7, 43
What are the prime factors of 7744?
2, 11
List the prime factors of 67180.
2, 5, 3359
List the prime factors of 9284.
2, 11, 211
What are the prime factors of 19791?
3, 733
List the prime factors of 817.
19, 43
List the prime factors of 109822.
2, 43, 1277
List the prime factors of 12841.
12841
List the prime factors of 43946.
2, 7, 43, 73
List the prime factors of 46448.
2, 2903
What are the prime factors of 569?
569
List the prime factors of 7324.
2, 1831
List the prime factors of 2869.
19, 151
List the prime factors of 5120.
2, 5
List the prime factors of 14045.
5, 53
List the prime factors of 1951.
1951
What are the prime factors of 104148?
2, 3, 11, 263
List the prime factors of 1608.
2, 3, 67
List the prime factors of 39804.
2, 3, 31, 107
List the prime factors of 56201.
43, 1307
What are the prime factors of 1999?
1999
List the prime factors of 45017.
7, 59, 109
What are the prime factors of 1688?
2, 211
List the prime factors of 2470.
2, 5, 13, 19
What are the prime factors of 2838?
2, 3, 11, 43
List the prime factors of 595.
5, 7, 17
What are the prime factors of 945?
3, 5, 7
List the prime factors of 4106.
2, 2053
What are the prime factors of 5430?
2, 3, 5, 181
What are the prime factors of 15282?
2, 3, 283
List the prime factors of 236.
2, 59
What are the prime factors of 7525?
5, 7, 43
What are the prime factors of 860?
2, 5, 43
List the prime factors of 659.
659
What are the prime factors of 47985?
3, 5, 7, 457
List the prime factors of 48237.
3, 7, 2297
List the prime factors of 1021.
1021
What are the prime factors of 15125?
5, 11
What are the prime factors of 1094?
2, 547
List the prime factors of 12926.
2, 23, 281
List the prime factors of 853.
853
List the prime factors of 16234.
2, 8117
List the prime factors of 28666.
2, 11, 1303
List the prime factors of 144652.
2, 29, 43
List the prime factors of 5550.
2, 3, 5, 37
What are the prime factors of 3819?
3, 19, 67
List the prime factors of 54001.
54001
List the prime factors of 773.
773
What are the prime factors of 821?
821
What are the prime factors of 28222?
2, 103, 137
What are the prime factors of 1592?
2, 199
What are the prime factors of 73757?
73757
What are the prime factors of 175683?
3, 157, 373
List the prime factors of 3365.
5, 673
What are the prime factors of 1814?
2, 907
List the prime factors of 6548.
2, 1637
List the prime factors of 4883.
19, 257
What are the prime factors of 57163?
57163
What are the prime factors of 2761?
11, 251
What are the prime factors of 1317?
3, 439
List the prime factors of 5537.
7, 113
What are the prime factors of 57390?
2, 3, 5, 1913
What are the prime factors of 1091?
1091
What are the prime factors of 760?
2, 5, 19
List the prime factors of 3091.
11, 281
List the prime factors of 22712.
2, 17, 167
List the prime factors of 15020.
2, 5, 751
List the prime factors of 303.
3, 101
List the prime factors of 9717.
3, 41, 79
What are the prime factors of 964?
2, 241
List the prime factors of 15732.
2, 3, 19, 23
List the prime factors of 5899.
17, 347
What are the prime factors of 22065?
3, 5, 1471
List the prime factors of 10817.
29, 373
What are the prime factors of 656?
2, 41
What are the prime factors of 8820?
2, 3, 5, 7
What are the prime factors of 3961?
17, 233
List the prime factors of 16883.
16883
List the prime factors of 18857.
109, 173
What are the prime factors of 23787?
3, 881
List the prime factors of 1278.
2, 3, 71
What are the prime factors of 884?
2, 13, 17
List the prime factors of 204.
2, 3, 17
List the prime factors of 27463.
29, 947
List the prime factors of 2265.
3, 5, 151
List the prime factors of 2215.
5, 443
List the prime factors of 484.
2, 11
What are the prime factors of 3315?
3, 5, 13, 17
List the prime factors of 369.
3, 41
List the prime factors of 2258.
2, 1129
What are the prime factors of 2293?
2293
What are the prime factors of 6356?
2, 7, 227
What are the prime factors of 20810?
2, 5, 2081
What are the prime factors of 116803?
116803
List the prime factors of 493.
17, 29
List the prime factors of 1558.
2, 19, 41
What are the prime factors of 69804?
2, 3, 7, 277
List the prime factors of 1017.
3, 113
What are the prime factors of 33979?
11, 3089
List the prime factors of 43156.
2, 10789
List the prime factors of 10220.
2, 5, 7, 73
What are the prime factors of 681?
3, 227
List the prime factors of 10367.
7, 1481
List the prime factors of 29714.
2, 83, 179
What are the prime factors of 2571?
3, 857
List the prime factors of 53778.
2, 3, 8963
List the prime factors of 1061.
1061
What are the prime factors of 12823?
12823
List the prime factors of 769.
769
List the prime factors of 8629.
8629
What are the prime factors of 690?
2, 3, 5, 23
List the prime factors of 39302.
2, 43, 457
What are the prime factors of 3701?
3701
What are the prime factors of 4511?
13, 347
What are the prime factors of 12951?
3, 1439
List the prime factors of 81503.
149, 547
List the prime factors of 20716.
2, 5179
List the prime factors of 3469.
3469
List the prime factors of 4328.
2, 541
What are the prime factors of 30382?
2, 11, 1381
What are the prime factors of 3523?
13, 271
List the prime factors of 776.
2, 97
What are the prime factors of 3541?
3541
List the prime factors of 3240.
2, 3, 5
What are the prime factors of 1019?
1019
What are the prime factors of 33999?
3, 7, 1619
List the prime factors of 969.
3, 17, 19
List the prime factors of 12977.
19, 683
List the prime factors of 5289.
3, 41, 43
What are the prime factors of 3303?
3, 367
List the prime factors of 89953.
23, 3911
List the prime factors of 689.
13, 53
What are the prime factors of 10011?
3, 47, 71
What are the prime factors of 38877?
3, 12959
What are the prime factors of 292?
2, 73
What are the prime factors of 253?
11, 23
What are the prime factors of 822?
2, 3, 137
What are the prime factors of 304?
2, 19
What are the prime factors of 25508?
2, 7, 911
What are the prime factors of 142?
2, 71
What are the prime factors of 1050?
2, 3, 5, 7
List the prime factors of 2215.
5, 443
List the prime factors of 31209.
3, 101, 103
List the prime factors of 550.
2, 5, 11
What are the prime factors of 34755?
3, 5, 7, 331
What are the prime factors of 136751?
136751
What are the prime factors of 914?
2, 457
What are the prime factors of 30860?
2, 5, 1543
What are the prime factors of 3124?
2, 11, 71
List the prime factors of 4619.
31, 149
List the prime factors of 30.
2, 3, 5
What are the prime factors of 231?
3, 7, 11
What are the prime factors of 3893?
17, 229
What are the prime factors of 5523?
3, 7, 263
List the prime factors of 1048.
2, 131
What are the prime factors of 14524?
2, 3631
List the prime factors of 2139.
3, 23, 31
What are the prime factors of 52154?
2, 89, 293
What are the prime factors of 11117?
11117
What are the prime factors of 68166?
2, 3, 7, 541
List the prime factors of 1279.
1279
What are the prime factors of 16264?
2, 19, 107
What are the prime factors of 16269?
3, 11, 17, 29
What are the prime factors of 1211?
7, 173
List the prime factors of 8118.
2, 3, 11, 41
List the prime factors of 1446.
2, 3, 241
List the prime factors of 180815.
5, 29, 43
List the prime factors of 2215.
5, 443
List the prime factors of 817.
19, 43
What are the prime factors of 20970?
2, 3, 5, 233
List the prime factors of 403.
13, 31
List the prime factors of 5018.
2, 13, 193
List the prime factors of 1404.
2, 3, 13
List the prime factors of 52433.
52433
List the prime factors of 12519.
3, 13, 107
What are the prim